18144?
8
What is the tens digit of 90787?
8
What is the units digit of 9074817?
7
What is the units digit of 554079?
9
What is the thousands digit of 258121?
8
What is the thousands digit of 15675779?
5
What is the thousands digit of 1371246?
1
What is the hundreds digit of 602651?
6
What is the tens digit of 7381050?
5
What is the hundred thousands digit of 549961?
5
What is the hundred thousands digit of 521899?
5
What is the hundreds digit of 307209?
2
What is the millions digit of 3266661?
3
What is the hundred thousands digit of 24870164?
8
What is the units digit of 143902?
2
What is the tens digit of 852144?
4
What is the hundred thousands digit of 1593716?
5
What is the ten thousands digit of 140711?
4
What is the units digit of 867161?
1
What is the hundreds digit of 3222688?
6
What is the units digit of 3601677?
7
What is the units digit of 6592526?
6
What is the ten thousands digit of 5722516?
2
What is the ten thousands digit of 17310593?
1
What is the thousands digit of 98807?
8
What is the hundreds digit of 18517?
5
What is the tens digit of 18225394?
9
What is the units digit of 259527?
7
What is the ten thousands digit of 1666488?
6
What is the units digit of 3471401?
1
What is the tens digit of 13061?
6
What is the hundreds digit of 190410?
4
What is the hundred thousands digit of 114192?
1
What is the tens digit of 322843?
4
What is the hundreds digit of 633706?
7
What is the ten thousands digit of 13386774?
8
What is the ten thousands digit of 1477158?
7
What is the ten thousands digit of 4686832?
8
What is the units digit of 10595174?
4
What is the units digit of 917302?
2
What is the hundreds digit of 211774?
7
What is the units digit of 2537266?
6
What is the hundred thousands digit of 207163?
2
What is the units digit of 12903058?
8
What is the ten thousands digit of 39321?
3
What is the hundred thousands digit of 1365952?
3
What is the thousands digit of 46501?
6
What is the hundreds digit of 4677819?
8
What is the tens digit of 181465?
6
What is the hundred thousands digit of 193683?
1
What is the tens digit of 665?
6
What is the hundred thousands digit of 2160936?
1
What is the hundred thousands digit of 197312?
1
What is the tens digit of 164009?
0
What is the hundred thousands digit of 176137?
1
What is the tens digit of 2483400?
0
What is the hundreds digit of 8786961?
9
What is the ten millions digit of 13316623?
1
What is the units digit of 2914390?
0
What is the hundred thousands digit of 158322?
1
What is the hundred thousands digit of 374693?
3
What is the tens digit of 295770?
7
What is the hundred thousands digit of 11092683?
0
What is the ten thousands digit of 2463426?
6
What is the ten thousands digit of 6436374?
3
What is the tens digit of 3922420?
2
What is the ten thousands digit of 52237?
5
What is the millions digit of 4728119?
4
What is the hundred thousands digit of 6836387?
8
What is the units digit of 267561?
1
What is the ten thousands digit of 177842?
7
What is the tens digit of 1154224?
2
What is the ten thousands digit of 175520?
7
What is the units digit of 46283?
3
What is the thousands digit of 5738052?
8
What is the hundred thousands digit of 1154406?
1
What is the tens digit of 13920805?
0
What is the millions digit of 1581851?
1
What is the tens digit of 406016?
1
What is the ten thousands digit of 426204?
2
What is the ten thousands digit of 16436991?
3
What is the hundred thousands digit of 17580093?
5
What is the hundred thousands digit of 3106941?
1
What is the tens digit of 783341?
4
What is the units digit of 12486240?
0
What is the hundred thousands digit of 1792570?
7
What is the ten thousands digit of 938779?
3
What is the tens digit of 8222640?
4
What is the millions digit of 1701520?
1
What is the units digit of 11810489?
9
What is the units digit of 1350209?
9
What is the millions digit of 4396769?
4
What is the thousands digit of 6039651?
9
What is the tens digit of 893791?
9
What is the hundreds digit of 1611468?
4
What is the hundreds digit of 203450?
4
What is the millions digit of 1258026?
1
What is the millions digit of 6597040?
6
What is the ten thousands digit of 8039101?
3
What is the hundred thousands digit of 483099?
4
What is the ten thousands digit of 971021?
7
What is the hundred thousands digit of 960983?
9
What is the millions digit of 6626610?
6
What is the hundreds digit of 84200?
2
What is the units digit of 4993561?
1
What is the hundreds digit of 1276209?
2
What is the tens digit of 5871908?
0
What is the hundred thousands digit of 305019?
3
What is the tens digit of 40674887?
8
What is the hundreds digit of 214296?
2
What is the units digit of 6743972?
2
What is the units digit of 14383161?
1
What is the thousands digit of 20154?
0
What is the hundreds digit of 666781?
7
What is the thousands digit of 3013384?
3
What is the ten thousands digit of 262748?
6
What is the hundred thousands digit of 11514411?
5
What is the units digit of 949207?
7
What is the tens digit of 1316227?
2
What is the hundred thousands digit of 735709?
7
What is the hundreds digit of 4709824?
8
What is the tens digit of 614657?
5
What is the units digit of 421291?
1
What is the units digit of 53526?
6
What is the hundreds digit of 35914937?
9
What is the ten thousands digit of 1365462?
6
What is the thousands digit of 55430?
5
What is the thousands digit of 918862?
8
What is the units digit of 7174993?
3
What is the ten thousands digit of 3331285?
3
What is the thousands digit of 243414?
3
What is the units digit of 1619737?
7
What is the hundred thousands digit of 1063261?
0
What is the hundred thousands digit of 3890043?
8
What is the hundred thousands digit of 897887?
8
What is the tens digit of 2089909?
0
What is the units digit of 7631474?
4
What is the hundreds digit of 11030114?
1
What is the hundreds digit of 606649?
6
What is the tens digit of 8937281?
8
What is the millions digit of 3294177?
3
What is the tens digit of 3847088?
8
What is the ten thousands digit of 690356?
9
What is the units digit of 356051?
1
What is the ten thousands digit of 1644423?
4
What is the thousands digit of 2367?
2
What is the tens digit of 211548?
4
What is the units digit of 416532?
2
What is the units digit of 57488?
8
What is the tens digit of 3144601?
0
What is the units digit of 4376210?
0
What is the units digit of 3026127?
7
What is the ten thousands digit of 437528?
3
What is the ten thousands digit of 873663?
7
What is the hundred thousands digit of 237511?
2
What is the hundred thousands digit of 1863179?
8
What is the ten thousands digit of 14547132?
4
What is the hundred thousands digit of 3648847?
6
What is the thousands digit of 186994?
6
What is the thousands digit of 15636103?
6
What is the ten millions digit of 14954585?
1
What is the ten thousands digit of 85789?
8
What is the thousands digit of 152705?
2
What is the millions digit of 7936572?
7
What is the hundred thousands digit of 168281?
1
What is the hundreds digit of 5332476?
4
What is the ten thousands digit of 11356144?
5
What is the ten thousands digit of 15188248?
8
What is the units digit of 91?
1
What is the thousands digit of 1705964?
5
What is the hundred thousands digit of 9383340?
3
What is the ten thousands digit of 6040865?
4
What is the ten millions digit of 10968458?
1
What is the hundreds digit of 368126?
1
What is the hundreds digit of 20391758?
7
What is the ten millions digit of 33800883?
3
What is the hundred thousands digit of 5176910?
1
What is the ten thousands digit of 955120?
5
What is the millions digit of 13448822?
3
What is the thousands digit of 24613546?
3
What is the tens digit of 445773?
7
What is the units digit of 3729775?
5
What is the thousands digit of 992376?
2
What is the units digit of 5404729?
9
What is the units digit of 234994?
4
What is the hundred thousands digit of 138194?
1
What is the millions digit of 8340449?
8
What is the hundred thousands digit of 107831?
1
What is the tens digit of 400317?
1
What is the hundreds digit of 3447135?
1
What is the units digit of 223437?
7
What is the tens digit of 12690993?
9
What is the hundreds digit of 8474239?
2
What is the hundreds digit of 1317297?
2
What is the ten thousands digit of 1543086?
4
What is the ten thousands digit